{"id":24,"date":"2023-03-09T13:18:49","date_gmt":"2023-03-09T13:18:49","guid":{"rendered":"https:\/\/www.seguridadpaciente.com\/2023\/?page_id=24"},"modified":"2023-04-17T21:26:20","modified_gmt":"2023-04-17T21:26:20","slug":"ediciones-anteriores","status":"publish","type":"page","link":"https:\/\/www.seguridadpaciente.com\/2023\/ediciones-anteriores\/","title":{"rendered":"Ediciones anteriores"},"content":{"rendered":"<table id=\"tabletitle\" style=\"border-collapse: collapse; width: 100%;\">\n<tbody>\n<tr>\n<td style=\"width: 50%;\">\n<h2><i class=\"fa-solid fa-backward\"><\/i> <span style=\"color: #698ac0;\">EDICIONES ANTERIORES<\/span><\/h2>\n<\/td>\n<td style=\"width: 50%; text-align: right;\"><\/td>\n<\/tr>\n<\/tbody>\n<\/table>\n<p>&nbsp;<\/p>\n<table style=\"border-collapse: collapse; width: 100%;\">\n<tbody>\n<tr>\n<td id=\"previas\" style=\"width: 15%;\"><img decoding=\"async\" loading=\"lazy\" class=\"alignnone size-medium wp-image-153\" src=\"https:\/\/www.seguridadpaciente.com\/2023\/wp-content\/uploads\/2023\/03\/SEGURIDAD_PACIENTE_22B1-719x1024-1-211x300.jpg\" alt=\"\" width=\"150\" height=\"219\" \/><\/p>\n<h3><\/h3>\n<\/td>\n<td id=\"previas\" style=\"width: 85%;\">\n<h3>XIV Jornada de Seguridad del Paciente en Atenci\u00f3n Primaria<\/h3>\n<p><a href=\"https:\/\/www.seguridadpaciente.com\/2022\/\" target=\"_blank\" rel=\"noopener\"><span id=\"masinfo\">M\u00e1s informaci\u00f3n<\/span><\/a><\/td>\n<\/tr>\n<tr>\n<td style=\"width: 15%;\"><\/td>\n<td style=\"width: 85%;\"><\/td>\n<\/tr>\n<tr>\n<td id=\"previas\" style=\"width: 15%;\"><img decoding=\"async\" loading=\"lazy\" class=\"wp-image-194 alignleft\" src=\"https:\/\/www.seguridadpaciente.com\/2022\/wp-content\/uploads\/2022\/03\/LIBRO-COMUNICACIONES-WEB-1-205x300.jpg\" alt=\"\" width=\"150\" height=\"219\" \/><\/p>\n<h3><\/h3>\n<\/td>\n<td id=\"previas\" style=\"width: 85%;\">\n<h3>XIII Jornada de Seguridad del Paciente en Atenci\u00f3n Primaria<\/h3>\n<p><a href=\"https:\/\/www.seguridadpaciente.com\/2021\/\" target=\"_blank\" rel=\"noopener\"><span id=\"masinfo\">M\u00e1s informaci\u00f3n<\/span><\/a><\/td>\n<\/tr>\n<tr>\n<td style=\"width: 15%;\"><\/td>\n<td style=\"width: 85%;\"><\/td>\n<\/tr>\n<tr>\n<td id=\"previas\" style=\"width: 15%;\"><img decoding=\"async\" loading=\"lazy\" class=\"wp-image-170 alignleft\" src=\"https:\/\/www.seguridadpaciente.com\/2022\/wp-content\/uploads\/2022\/03\/phpThumb_generated_thumbnail-211x300.jpg\" alt=\"\" width=\"150\" height=\"214\" \/><\/td>\n<td id=\"previas\" style=\"width: 85%;\">\n<h3>XII Jornada de Seguridad del Paciente en Atenci\u00f3n Primaria<\/h3>\n<p><a href=\"http:\/\/www.seguridadpaciente.com\/2019\/\" target=\"_blank\" rel=\"noopener\"><span id=\"masinfo\">M\u00e1s informaci\u00f3n<\/span><\/a><\/td>\n<\/tr>\n<tr>\n<td style=\"width: 15%;\"><\/td>\n<td style=\"width: 85%;\"><\/td>\n<\/tr>\n<tr>\n<td id=\"previas\" style=\"width: 15%;\"><img decoding=\"async\" loading=\"lazy\" class=\"alignleft wp-image-172\" src=\"https:\/\/www.seguridadpaciente.com\/2022\/wp-content\/uploads\/2022\/03\/phpThumb_generated_thumbnail2-210x300.jpg\" alt=\"\" width=\"150\" height=\"214\" \/><\/td>\n<td id=\"previas\" style=\"width: 85%;\">\n<h3>XI Jornada de Seguridad del Paciente en Atenci\u00f3n Primaria<\/h3>\n<p><a href=\"http:\/\/www.seguridadpaciente.com\/2018\/\" target=\"_blank\" rel=\"noopener\"><span id=\"masinfo\">M\u00e1s informaci\u00f3n<\/span><\/a><\/td>\n<\/tr>\n<tr>\n<td style=\"width: 15%;\"><\/td>\n<td style=\"width: 85%;\"><\/td>\n<\/tr>\n<tr>\n<td id=\"previas\" style=\"width: 15%;\"><img decoding=\"async\" loading=\"lazy\" class=\"alignleft wp-image-173\" src=\"https:\/\/www.seguridadpaciente.com\/2022\/wp-content\/uploads\/2022\/03\/phpThumb_generated_thumbnail3-206x300.jpg\" alt=\"\" width=\"150\" height=\"219\" \/><\/td>\n<td id=\"previas\" style=\"width: 85%;\">\n<h3>X Jornada de Seguridad del Paciente en Atenci\u00f3n Primaria<\/h3>\n<p><a href=\"http:\/\/www.seguridadpaciente.com\/2017\/\" target=\"_blank\" rel=\"noopener\"><span id=\"masinfo\">M\u00e1s informaci\u00f3n<\/span><\/a><\/td>\n<\/tr>\n<tr>\n<td style=\"width: 15%;\"><\/td>\n<td style=\"width: 85%;\"><\/td>\n<\/tr>\n<tr>\n<td id=\"previas\" style=\"width: 15%;\"><img decoding=\"async\" loading=\"lazy\" class=\"alignleft wp-image-174\" src=\"https:\/\/www.seguridadpaciente.com\/2022\/wp-content\/uploads\/2022\/03\/phpThumb_generated_thumbnail4-213x300.jpg\" alt=\"\" width=\"150\" height=\"211\" \/><\/td>\n<td id=\"previas\" style=\"width: 85%;\">\n<h3>IX Jornada de Seguridad del Paciente en Atenci\u00f3n Primaria<\/h3>\n<p><a href=\"http:\/\/www.seguridadpaciente.com\/2016\/\" target=\"_blank\" rel=\"noopener\"><span id=\"masinfo\">M\u00e1s informaci\u00f3n<\/span><\/a><\/td>\n<\/tr>\n<tr>\n<td style=\"width: 15%;\"><\/td>\n<td style=\"width: 85%;\"><\/td>\n<\/tr>\n<tr>\n<td id=\"previas\" style=\"width: 15%;\"><img decoding=\"async\" loading=\"lazy\" class=\"alignleft wp-image-175\" src=\"https:\/\/www.seguridadpaciente.com\/2022\/wp-content\/uploads\/2022\/03\/phpThumb_generated_thumbnail5.jpg\" alt=\"\" width=\"150\" height=\"211\" \/><\/td>\n<td id=\"previas\" style=\"width: 85%;\">\n<h3>VIII Jornada de Seguridad del Paciente en Atenci\u00f3n Primaria<\/h3>\n<p><a href=\"http:\/\/www.seguridadpaciente.com\/2015\/\" target=\"_blank\" rel=\"noopener\"><span id=\"masinfo\">M\u00e1s informaci\u00f3n<\/span><\/a><\/td>\n<\/tr>\n<tr>\n<td style=\"width: 15%;\"><\/td>\n<td style=\"width: 85%;\"><\/td>\n<\/tr>\n<tr>\n<td id=\"previas\" style=\"width: 15%;\"><img decoding=\"async\" loading=\"lazy\" class=\"alignleft wp-image-176\" src=\"https:\/\/www.seguridadpaciente.com\/2022\/wp-content\/uploads\/2022\/03\/phpThumb_generated_thumbnail6.jpg\" alt=\"\" width=\"150\" height=\"212\" \/><\/td>\n<td id=\"previas\" style=\"width: 85%;\">\n<h3>VII Jornada de Seguridad del Paciente en Atenci\u00f3n Primaria<\/h3>\n<p><a href=\"http:\/\/www.seguridadpaciente.com\/2014\/\" target=\"_blank\" rel=\"noopener\"><span id=\"masinfo\">M\u00e1s informaci\u00f3n<\/span><\/a><\/td>\n<\/tr>\n<tr>\n<td style=\"width: 15%;\"><\/td>\n<td style=\"width: 85%;\"><\/td>\n<\/tr>\n<tr>\n<td id=\"previas\" style=\"width: 15%;\"><img decoding=\"async\" loading=\"lazy\" class=\"alignleft wp-image-179\" src=\"https:\/\/www.seguridadpaciente.com\/2022\/wp-content\/uploads\/2022\/03\/phpThumb_generated_thumbnail7.jpg\" alt=\"\" width=\"150\" height=\"211\" \/><\/td>\n<td id=\"previas\" style=\"width: 85%;\">\n<h3>VI Jornada de Seguridad del Paciente en Atenci\u00f3n Primaria<\/h3>\n<p><a href=\"http:\/\/www.calidadasistencial.es\/congresos\/seguridad-paciente\/\" target=\"_blank\" rel=\"noopener\"><span id=\"masinfo\">M\u00e1s informaci\u00f3n<\/span><\/a><\/td>\n<\/tr>\n<tr>\n<td style=\"width: 15%;\"><\/td>\n<td style=\"width: 85%;\"><\/td>\n<\/tr>\n<tr>\n<td id=\"previas\" style=\"width: 15%;\"><img decoding=\"async\" loading=\"lazy\" class=\"alignleft wp-image-180\" src=\"https:\/\/www.seguridadpaciente.com\/2022\/wp-content\/uploads\/2022\/03\/phpThumb_generated_thumbnail8.jpg\" alt=\"\" width=\"150\" height=\"211\" \/><\/td>\n<td id=\"previas\" style=\"width: 85%;\">\n<h3>V Jornada de Seguridad del Paciente en Atenci\u00f3n Primaria<\/h3>\n<p><a href=\"http:\/\/www.seguridadpaciente.com\/2012\/\" target=\"_blank\" rel=\"noopener\"><span id=\"masinfo\">M\u00e1s informaci\u00f3n<\/span><\/a><\/td>\n<\/tr>\n<tr>\n<td style=\"width: 15%;\"><\/td>\n<td style=\"width: 85%;\"><\/td>\n<\/tr>\n<tr>\n<td id=\"previas\" style=\"width: 15%;\"><img decoding=\"async\" loading=\"lazy\" class=\"alignleft wp-image-181\" src=\"https:\/\/www.seguridadpaciente.com\/2022\/wp-content\/uploads\/2022\/03\/phpThumb_generated_thumbnail13.jpg\" alt=\"\" width=\"150\" height=\"211\" \/><\/td>\n<td id=\"previas\" style=\"width: 85%;\">\n<h3>IV Jornada de Seguridad del Paciente en Atenci\u00f3n Primaria<\/h3>\n<p><a href=\"http:\/\/www.seguridadpaciente.com\/2011\/\" target=\"_blank\" rel=\"noopener\"><span id=\"masinfo\">M\u00e1s informaci\u00f3n<\/span><\/a><\/td>\n<\/tr>\n<tr>\n<td style=\"width: 15%;\"><\/td>\n<td style=\"width: 85%;\"><\/td>\n<\/tr>\n<tr>\n<td id=\"previas\" style=\"width: 15%;\"><img decoding=\"async\" loading=\"lazy\" class=\"alignleft wp-image-182\" src=\"https:\/\/www.seguridadpaciente.com\/2022\/wp-content\/uploads\/2022\/03\/phpThumb_generated_thumbnail9.jpg\" alt=\"\" width=\"150\" height=\"211\" \/><\/td>\n<td id=\"previas\" style=\"width: 85%;\">\n<h3>III Jornada de Seguridad del Paciente en Atenci\u00f3n Primaria<\/h3>\n<p><a href=\"http:\/\/www.seguridadpaciente.com\/2010\/J_2010_tercera.htm\" target=\"_blank\" rel=\"noopener\"><span id=\"masinfo\">M\u00e1s informaci\u00f3n<\/span><\/a><\/td>\n<\/tr>\n<tr>\n<td style=\"width: 15%;\"><\/td>\n<td style=\"width: 85%;\"><\/td>\n<\/tr>\n<tr>\n<td id=\"previas\" style=\"width: 15%;\"><img decoding=\"async\" loading=\"lazy\" class=\"alignleft wp-image-183\" src=\"https:\/\/www.seguridadpaciente.com\/2022\/wp-content\/uploads\/2022\/03\/phpThumb_generated_thumbnail10.jpg\" alt=\"\" width=\"150\" height=\"211\" \/><\/td>\n<td id=\"previas\" style=\"width: 85%;\">\n<h3>II Jornada de Seguridad del Paciente en Atenci\u00f3n Primaria<\/h3>\n<p><a href=\"http:\/\/www.seguridadpaciente.com\/2009\/J_2009_segunda.htm\" target=\"_blank\" rel=\"noopener\"><span id=\"masinfo\">M\u00e1s informaci\u00f3n<\/span><\/a><\/td>\n<\/tr>\n<tr>\n<td style=\"width: 15%;\"><\/td>\n<td style=\"width: 85%;\"><\/td>\n<\/tr>\n<tr>\n<td id=\"previas\" style=\"width: 15%;\"><img decoding=\"async\" loading=\"lazy\" class=\"alignleft wp-image-184\" src=\"https:\/\/www.seguridadpaciente.com\/2022\/wp-content\/uploads\/2022\/03\/phpThumb_generated_thumbnail12.jpg\" alt=\"\" width=\"150\" height=\"211\" \/><\/td>\n<td id=\"previas\" style=\"width: 85%;\">\n<h3>I Jornada de Seguridad del Paciente en Atenci\u00f3n Primaria<\/h3>\n<p><a href=\"http:\/\/www.seguridadpaciente.com\/2008\/J_2008_primera.htm\" target=\"_blank\" rel=\"noopener\"><span id=\"masinfo\">M\u00e1s informaci\u00f3n<\/span><\/a><\/td>\n<\/tr>\n<\/tbody>\n<\/table>\n<p>&nbsp;<\/p>\n","protected":false},"excerpt":{"rendered":"<p>EDICIONES ANTERIORES &nbsp; XIV Jornada de Seguridad del Paciente en Atenci\u00f3n Primaria M\u00e1s informaci\u00f3n XIII Jornada de Seguridad del Paciente en Atenci\u00f3n Primaria M\u00e1s informaci\u00f3n XII Jornada de Seguridad del Paciente en Atenci\u00f3n Primaria M\u00e1s informaci\u00f3n XI Jornada de Seguridad del Paciente en Atenci\u00f3n Primaria M\u00e1s informaci\u00f3n X Jornada de Seguridad del Paciente en Atenci\u00f3n [&hellip;]<\/p>\n","protected":false},"author":1,"featured_media":0,"parent":0,"menu_order":0,"comment_status":"closed","ping_status":"closed","template":"","meta":[],"_links":{"self":[{"href":"https:\/\/www.seguridadpaciente.com\/2023\/wp-json\/wp\/v2\/pages\/24"}],"collection":[{"href":"https:\/\/www.seguridadpaciente.com\/2023\/wp-json\/wp\/v2\/pages"}],"about":[{"href":"https:\/\/www.seguridadpaciente.com\/2023\/wp-json\/wp\/v2\/types\/page"}],"author":[{"embeddable":true,"href":"https:\/\/www.seguridadpaciente.com\/2023\/wp-json\/wp\/v2\/users\/1"}],"replies":[{"embeddable":true,"href":"https:\/\/www.seguridadpaciente.com\/2023\/wp-json\/wp\/v2\/comments?post=24"}],"version-history":[{"count":23,"href":"https:\/\/www.seguridadpaciente.com\/2023\/wp-json\/wp\/v2\/pages\/24\/revisions"}],"predecessor-version":[{"id":413,"href":"https:\/\/www.seguridadpaciente.com\/2023\/wp-json\/wp\/v2\/pages\/24\/revisions\/413"}],"wp:attachment":[{"href":"https:\/\/www.seguridadpaciente.com\/2023\/wp-json\/wp\/v2\/media?parent=24"}],"curies":[{"name":"wp","href":"https:\/\/api.w.org\/{rel}","templated":true}]}}

<table id="tabletitle" style="border-collapse: collapse; width: 100%;">
<tbody>
<tr>
<td style="width: 50%;">
<h2><i class="fa-solid fa-backward"></i> <span style="color: #698ac0;">EDICIONES ANTERIORES</span></h2>
</td>
<td style="width: 50%; text-align: right;"></td>
</tr>
</tbody>
</table>
<p>&nbsp;</p>
<table style="border-collapse: collapse; width: 100%;">
<tbody>
<tr>
<td id="previas" style="width: 15%;"><img decoding="async" loading="lazy" class="alignnone size-medium wp-image-153" src="https://www.seguridadpaciente.com/2023/wp-content/uploads/2023/03/SEGURIDAD_PACIENTE_22B1-719x1024-1-211x300.jpg" alt="" width="150" height="219" /></p>
<h3></h3>
</td>
<td id="previas" style="width: 85%;">
<h3>XIV Jornada de Seguridad del Paciente en Atención Primaria</h3>
<p><a href="https://www.seguridadpaciente.com/2022/" target="_blank" rel="noopener"><span id="masinfo">Más información</span></a></td>
</tr>
<tr>
<td style="width: 15%;"></td>
<td style="width: 85%;"></td>
</tr>
<tr>
<td id="previas" style="width: 15%;"><img decoding="async" loading="lazy" class="wp-image-194 alignleft" src="https://www.seguridadpaciente.com/2022/wp-content/uploads/2022/03/LIBRO-COMUNICACIONES-WEB-1-205x300.jpg" alt="" width="150" height="219" /></p>
<h3></h3>
</td>
<td id="previas" style="width: 85%;">
<h3>XIII Jornada de Seguridad del Paciente en Atención Primaria</h3>
<p><a href="https://www.seguridadpaciente.com/2021/" target="_blank" rel="noopener"><span id="masinfo">Más información</span></a></td>
</tr>
<tr>
<td style="width: 15%;"></td>
<td style="width: 85%;"></td>
</tr>
<tr>
<td id="previas" style="width: 15%;"><img decoding="async" loading="lazy" class="wp-image-170 alignleft" src="https://www.seguridadpaciente.com/2022/wp-content/uploads/2022/03/phpThumb_generated_thumbnail-211x300.jpg" alt="" width="150" height="214" /></td>
<td id="previas" style="width: 85%;">
<h3>XII Jornada de Seguridad del Paciente en Atención Primaria</h3>
<p><a href="http://www.seguridadpaciente.com/2019/" target="_blank" rel="noopener"><span id="masinfo">Más información</span></a></td>
</tr>
<tr>
<td style="width: 15%;"></td>
<td style="width: 85%;"></td>
</tr>
<tr>
<td id="previas" style="width: 15%;"><img decoding="async" loading="lazy" class="alignleft wp-image-172" src="https://www.seguridadpaciente.com/2022/wp-content/uploads/2022/03/phpThumb_generated_thumbnail2-210x300.jpg" alt="" width="150" height="214" /></td>
<td id="previas" style="width: 85%;">
<h3>XI Jornada de Seguridad del Paciente en Atención Primaria</h3>
<p><a href="http://www.seguridadpaciente.com/2018/" target="_blank" rel="noopener"><span id="masinfo">Más información</span></a></td>
</tr>
<tr>
<td style="width: 15%;"></td>
<td style="width: 85%;"></td>
</tr>
<tr>
<td id="previas" style="width: 15%;"><img decoding="async" loading="lazy" class="alignleft wp-image-173" src="https://www.seguridadpaciente.com/2022/wp-content/uploads/2022/03/phpThumb_generated_thumbnail3-206x300.jpg" alt="" width="150" height="219" /></td>
<td id="previas" style="width: 85%;">
<h3>X Jornada de Seguridad del Paciente en Atención Primaria</h3>
<p><a href="http://www.seguridadpaciente.com/2017/" target="_blank" rel="noopener"><span id="masinfo">Más información</span></a></td>
</tr>
<tr>
<td style="width: 15%;"></td>
<td style="width: 85%;"></td>
</tr>
<tr>
<td id="previas" style="width: 15%;"><img decoding="async" loading="lazy" class="alignleft wp-image-174" src="https://www.seguridadpaciente.com/2022/wp-content/uploads/2022/03/phpThumb_generated_thumbnail4-213x300.jpg" alt="" width="150" height="211" /></td>
<td id="previas" style="width: 85%;">
<h3>IX Jornada de Seguridad del Paciente en Atención Primaria</h3>
<p><a href="http://www.seguridadpaciente.com/2016/" target="_blank" rel="noopener"><span id="masinfo">Más información</span></a></td>
</tr>
<tr>
<td style="width: 15%;"></td>
<td style="width: 85%;"></td>
</tr>
<tr>
<td id="previas" style="width: 15%;"><img decoding="async" loading="lazy" class="alignleft wp-image-175" src="https://www.seguridadpaciente.com/2022/wp-content/uploads/2022/03/phpThumb_generated_thumbnail5.jpg" alt="" width="150" height="211" /></td>
<td id="previas" style="width: 85%;">
<h3>VIII Jornada de Seguridad del Paciente en Atención Primaria</h3>
<p><a href="http://www.seguridadpaciente.com/2015/" target="_blank" rel="noopener"><span id="masinfo">Más información</span></a></td>
</tr>
<tr>
<td style="width: 15%;"></td>
<td style="width: 85%;"></td>
</tr>
<tr>
<td id="previas" style="width: 15%;"><img decoding="async" loading="lazy" class="alignleft wp-image-176" src="https://www.seguridadpaciente.com/2022/wp-content/uploads/2022/03/phpThumb_generated_thumbnail6.jpg" alt="" width="150" height="212" /></td>
<td id="previas" style="width: 85%;">
<h3>VII Jornada de Seguridad del Paciente en Atención Primaria</h3>
<p><a href="http://www.seguridadpaciente.com/2014/" target="_blank" rel="noopener"><span id="masinfo">Más información</span></a></td>
</tr>
<tr>
<td style="width: 15%;"></td>
<td style="width: 85%;"></td>
</tr>
<tr>
<td id="previas" style="width: 15%;"><img decoding="async" loading="lazy" class="alignleft wp-image-179" src="https://www.seguridadpaciente.com/2022/wp-content/uploads/2022/03/phpThumb_generated_thumbnail7.jpg" alt="" width="150" height="211" /></td>
<td id="previas" style="width: 85%;">
<h3>VI Jornada de Seguridad del Paciente en Atención Primaria</h3>
<p><a href="http://www.calidadasistencial.es/congresos/seguridad-paciente/" target="_blank" rel="noopener"><span id="masinfo">Más información</span></a></td>
</tr>
<tr>
<td style="width: 15%;"></td>
<td style="width: 85%;"></td>
</tr>
<tr>
<td id="previas" style="width: 15%;"><img decoding="async" loading="lazy" class="alignleft wp-image-180" src="https://www.seguridadpaciente.com/2022/wp-content/uploads/2022/03/phpThumb_generated_thumbnail8.jpg" alt="" width="150" height="211" /></td>
<td id="previas" style="width: 85%;">
<h3>V Jornada de Seguridad del Paciente en Atención Primaria</h3>
<p><a href="http://www.seguridadpaciente.com/2012/" target="_blank" rel="noopener"><span id="masinfo">Más información</span></a></td>
</tr>
<tr>
<td style="width: 15%;"></td>
<td style="width: 85%;"></td>
</tr>
<tr>
<td id="previas" style="width: 15%;"><img decoding="async" loading="lazy" class="alignleft wp-image-181" src="https://www.seguridadpaciente.com/2022/wp-content/uploads/2022/03/phpThumb_generated_thumbnail13.jpg" alt="" width="150" height="211" /></td>
<td id="previas" style="width: 85%;">
<h3>IV Jornada de Seguridad del Paciente en Atención Primaria</h3>
<p><a href="http://www.seguridadpaciente.com/2011/" target="_blank" rel="noopener"><span id="masinfo">Más información</span></a></td>
</tr>
<tr>
<td style="width: 15%;"></td>
<td style="width: 85%;"></td>
</tr>
<tr>
<td id="previas" style="width: 15%;"><img decoding="async" loading="lazy" class="alignleft wp-image-182" src="https://www.seguridadpaciente.com/2022/wp-content/uploads/2022/03/phpThumb_generated_thumbnail9.jpg" alt="" width="150" height="211" /></td>
<td id="previas" style="width: 85%;">
<h3>III Jornada de Seguridad del Paciente en Atención Primaria</h3>
<p><a href="http://www.seguridadpaciente.com/2010/J_2010_tercera.htm" target="_blank" rel="noopener"><span id="masinfo">Más información</span></a></td>
</tr>
<tr>
<td style="width: 15%;"></td>
<td style="width: 85%;"></td>
</tr>
<tr>
<td id="previas" style="width: 15%;"><img decoding="async" loading="lazy" class="alignleft wp-image-183" src="https://www.seguridadpaciente.com/2022/wp-content/uploads/2022/03/phpThumb_generated_thumbnail10.jpg" alt="" width="150" height="211" /></td>
<td id="previas" style="width: 85%;">
<h3>II Jornada de Seguridad del Paciente en Atención Primaria</h3>
<p><a href="http://www.seguridadpaciente.com/2009/J_2009_segunda.htm" target="_blank" rel="noopener"><span id="masinfo">Más información</span></a></td>
</tr>
<tr>
<td style="width: 15%;"></td>
<td style="width: 85%;"></td>
</tr>
<tr>
<td id="previas" style="width: 15%;"><img decoding="async" loading="lazy" class="alignleft wp-image-184" src="https://www.seguridadpaciente.com/2022/wp-content/uploads/2022/03/phpThumb_generated_thumbnail12.jpg" alt="" width="150" height="211" /></td>
<td id="previas" style="width: 85%;">
<h3>I Jornada de Seguridad del Paciente en Atención Primaria</h3>
<p><a href="http://www.seguridadpaciente.com/2008/J_2008_primera.htm" target="_blank" rel="noopener"><span id="masinfo">Más información</span></a></td>
</tr>
</tbody>
</table>
<p>&nbsp;</p>

<p>EDICIONES ANTERIORES &nbsp; XIV Jornada de Seguridad del Paciente en Atención Primaria Más información XIII Jornada de Seguridad del Paciente en Atención Primaria Más información XII Jornada de Seguridad del Paciente en Atención Primaria Más información XI Jornada de Seguridad del Paciente en Atención Primaria Más información X Jornada de Seguridad del Paciente en Atención [&hellip;]</p>
