{"id":7,"date":"2022-03-04T09:37:56","date_gmt":"2022-03-04T09:37:56","guid":{"rendered":"https:\/\/www.seguridadpaciente.com\/2022\/?page_id=7"},"modified":"2022-06-07T16:45:44","modified_gmt":"2022-06-07T15:45:44","slug":"presentacion","status":"publish","type":"page","link":"https:\/\/www.seguridadpaciente.com\/2022\/","title":{"rendered":"Presentaci\u00f3n"},"content":{"rendered":"<blockquote>\n<h2><strong>XIV JORNADA DE SEGURIDAD DEL PACIENTE EN ATENCI\u00d3N PRIMARIA<\/strong><\/h2>\n<\/blockquote>\n<p><strong>ACREDITACIONES<\/strong><\/p>\n<table id=\"amarillo\" style=\"width: 100%; border-collapse: collapse;\">\n<tbody>\n<tr style=\"height: 24px;\">\n<td style=\"width: 10%;\"><img loading=\"lazy\" class=\"wp-image-575 aligncenter\" src=\"https:\/\/www.seguridadpaciente.com\/2022\/wp-content\/uploads\/2022\/06\/logo-cfc-madrid-203x300.jpg\" alt=\"\" width=\"95\" height=\"140\" srcset=\"https:\/\/www.seguridadpaciente.com\/2022\/wp-content\/uploads\/2022\/06\/logo-cfc-madrid-203x300.jpg 203w, https:\/\/www.seguridadpaciente.com\/2022\/wp-content\/uploads\/2022\/06\/logo-cfc-madrid.jpg 243w\" sizes=\"(max-width: 95px) 100vw, 95px\" \/><\/td>\n<td style=\"width: 30%; text-align: center; vertical-align: middle;\"><a id=\"masinfo\" href=\"https:\/\/www.seguridadpaciente.com\/2022\/wp-content\/uploads\/2022\/06\/2022-06-07_XIV-Jornada-SP_Resolucion-AFC-Jornada.pdf\" target=\"_blank\" rel=\"noopener\">Resoluci\u00f3n AFC Jornada<\/a><\/td>\n<td style=\"width: 30%; text-align: center; vertical-align: middle;\"><a id=\"masinfo\" href=\"https:\/\/www.seguridadpaciente.com\/2022\/wp-content\/uploads\/2022\/06\/2022-06-07_XIV-Jornada-SP_Resolucion-AFC-SEFAP.pdf\" target=\"_blank\" rel=\"noopener\">Resoluci\u00f3n ACF Taller SEFAP<\/a><\/td>\n<td style=\"width: 40%; text-align: center; vertical-align: middle;\"><a id=\"masinfo\" href=\"https:\/\/www.seguridadpaciente.com\/2022\/wp-content\/uploads\/2022\/06\/2022-06-07_XIV-Jornada-SP_Resolucion-AFC-FAECAP.pdf\" target=\"_blank\" rel=\"noopener\">Resoluci\u00f3n AFC Taller FAECAP<\/a><\/td>\n<\/tr>\n<\/tbody>\n<\/table>\n<p>&nbsp;<\/p>\n<p style=\"text-align: justify;\">El pr\u00f3ximo <strong>13 j<\/strong><strong>unio,<\/strong> celebraremos la XIV Jornada de Seguridad del Paciente en Atenci\u00f3n Primaria en el Hospital Cl\u00ednico San Carlos de Madrid, volviendo por fin al formato presencial tras estos dos a\u00f1os de pandemia. Una vez m\u00e1s, y ya van catorce a\u00f1os consecutivos, los profesionales de atenci\u00f3n primaria nos reuniremos para analizar, debatir y elaborar propuestas en relaci\u00f3n con la seguridad del paciente. Como en ediciones anteriores, <strong>la<\/strong> <strong>jornada se organiza conjuntamente entre la Sociedad Espa\u00f1ola de Calidad Asistencial (SECA), la Sociedad Espa\u00f1ola de Medicina Familiar y Comunitaria (semFYC), la Federaci\u00f3n de Asociaciones de Enfermer\u00eda Comunitaria y de Atenci\u00f3n Primaria (FAECAP), la Sociedad Espa\u00f1ola de Farmac\u00e9uticos de Atenci\u00f3n Primaria (SEFAP) y el Ministerio de Sanidad. <\/strong><\/p>\n<p style=\"text-align: justify;\"><strong>El lema elegido para esta XIV Jornada 2022 es: El reto tecnol\u00f3gico: impacto sobre la Seguridad del Paciente en Atenci\u00f3n Primaria<\/strong>. La irrupci\u00f3n de las consultas no presenciales, las interconsultas no presenciales, la renovaci\u00f3n autom\u00e1tica de las prescripciones, las apps para pacientes y profesionales, ha contribuido sin duda a mejorar la atenci\u00f3n a nuestros pacientes pero tambi\u00e9n ha tra\u00eddo nuevos riesgos. Y queremos hablar de esto en esta Jornada, abordando la brecha digital y la comunicaci\u00f3n entre \u00e1mbitos y, especialmente, con el sociosanitario.<\/p>\n<p style=\"text-align: justify;\">Para el desarrollo de esta XIV Jornada, <strong>vuestras comunicaciones, experiencias, proyectos de mejora y casos que ense\u00f1an<\/strong> son muy importantes. \u00a1\u00a1Os animamos a participar!!<\/p>\n<p style=\"text-align: justify;\">La jornada contar\u00e1 con un breve acto inaugural, una mesa de ponencias y varias mesas de comunicaciones por la ma\u00f1ana. Y, tras un lunch y el acto de entrega de premios al mediod\u00eda, tendr\u00e1n lugar por la tarde 4 talleres organizados por las sociedades cient\u00edficas implicadas en la Jornada.<\/p>\n<p style=\"text-align: justify;\">Os esperamos para compartir y avanzar en mejorar la seguridad del paciente en atenci\u00f3n primaria.<\/p>\n","protected":false},"excerpt":{"rendered":"<p>XIV JORNADA DE SEGURIDAD DEL PACIENTE EN ATENCI\u00d3N PRIMARIA ACREDITACIONES Resoluci\u00f3n AFC Jornada Resoluci\u00f3n ACF Taller SEFAP Resoluci\u00f3n AFC Taller FAECAP &nbsp; El pr\u00f3ximo 13 junio, celebraremos la XIV Jornada de Seguridad del Paciente en Atenci\u00f3n Primaria en el Hospital Cl\u00ednico San Carlos de Madrid, volviendo por fin al formato presencial tras estos dos a\u00f1os [&hellip;]<\/p>\n","protected":false},"author":1,"featured_media":0,"parent":0,"menu_order":0,"comment_status":"closed","ping_status":"closed","template":"","meta":[],"_links":{"self":[{"href":"https:\/\/www.seguridadpaciente.com\/2022\/wp-json\/wp\/v2\/pages\/7"}],"collection":[{"href":"https:\/\/www.seguridadpaciente.com\/2022\/wp-json\/wp\/v2\/pages"}],"about":[{"href":"https:\/\/www.seguridadpaciente.com\/2022\/wp-json\/wp\/v2\/types\/page"}],"author":[{"embeddable":true,"href":"https:\/\/www.seguridadpaciente.com\/2022\/wp-json\/wp\/v2\/users\/1"}],"replies":[{"embeddable":true,"href":"https:\/\/www.seguridadpaciente.com\/2022\/wp-json\/wp\/v2\/comments?post=7"}],"version-history":[{"count":14,"href":"https:\/\/www.seguridadpaciente.com\/2022\/wp-json\/wp\/v2\/pages\/7\/revisions"}],"predecessor-version":[{"id":584,"href":"https:\/\/www.seguridadpaciente.com\/2022\/wp-json\/wp\/v2\/pages\/7\/revisions\/584"}],"wp:attachment":[{"href":"https:\/\/www.seguridadpaciente.com\/2022\/wp-json\/wp\/v2\/media?parent=7"}],"curies":[{"name":"wp","href":"https:\/\/api.w.org\/{rel}","templated":true}]}}

Presentación

<blockquote>
<h2><strong>XIV JORNADA DE SEGURIDAD DEL PACIENTE EN ATENCIÓN PRIMARIA</strong></h2>
</blockquote>
<p><strong>ACREDITACIONES</strong></p>
<table id="amarillo" style="width: 100%; border-collapse: collapse;">
<tbody>
<tr style="height: 24px;">
<td style="width: 10%;"><img loading="lazy" class="wp-image-575 aligncenter" src="https://www.seguridadpaciente.com/2022/wp-content/uploads/2022/06/logo-cfc-madrid-203x300.jpg" alt="" width="95" height="140" srcset="https://www.seguridadpaciente.com/2022/wp-content/uploads/2022/06/logo-cfc-madrid-203x300.jpg 203w, https://www.seguridadpaciente.com/2022/wp-content/uploads/2022/06/logo-cfc-madrid.jpg 243w" sizes="(max-width: 95px) 100vw, 95px" /></td>
<td style="width: 30%; text-align: center; vertical-align: middle;"><a id="masinfo" href="https://www.seguridadpaciente.com/2022/wp-content/uploads/2022/06/2022-06-07_XIV-Jornada-SP_Resolucion-AFC-Jornada.pdf" target="_blank" rel="noopener">Resolución AFC Jornada</a></td>
<td style="width: 30%; text-align: center; vertical-align: middle;"><a id="masinfo" href="https://www.seguridadpaciente.com/2022/wp-content/uploads/2022/06/2022-06-07_XIV-Jornada-SP_Resolucion-AFC-SEFAP.pdf" target="_blank" rel="noopener">Resolución ACF Taller SEFAP</a></td>
<td style="width: 40%; text-align: center; vertical-align: middle;"><a id="masinfo" href="https://www.seguridadpaciente.com/2022/wp-content/uploads/2022/06/2022-06-07_XIV-Jornada-SP_Resolucion-AFC-FAECAP.pdf" target="_blank" rel="noopener">Resolución AFC Taller FAECAP</a></td>
</tr>
</tbody>
</table>
<p>&nbsp;</p>
<p style="text-align: justify;">El próximo <strong>13 j</strong><strong>unio,</strong> celebraremos la XIV Jornada de Seguridad del Paciente en Atención Primaria en el Hospital Clínico San Carlos de Madrid, volviendo por fin al formato presencial tras estos dos años de pandemia. Una vez más, y ya van catorce años consecutivos, los profesionales de atención primaria nos reuniremos para analizar, debatir y elaborar propuestas en relación con la seguridad del paciente. Como en ediciones anteriores, <strong>la</strong> <strong>jornada se organiza conjuntamente entre la Sociedad Española de Calidad Asistencial (SECA), la Sociedad Española de Medicina Familiar y Comunitaria (semFYC), la Federación de Asociaciones de Enfermería Comunitaria y de Atención Primaria (FAECAP), la Sociedad Española de Farmacéuticos de Atención Primaria (SEFAP) y el Ministerio de Sanidad. </strong></p>
<p style="text-align: justify;"><strong>El lema elegido para esta XIV Jornada 2022 es: El reto tecnológico: impacto sobre la Seguridad del Paciente en Atención Primaria</strong>. La irrupción de las consultas no presenciales, las interconsultas no presenciales, la renovación automática de las prescripciones, las apps para pacientes y profesionales, ha contribuido sin duda a mejorar la atención a nuestros pacientes pero también ha traído nuevos riesgos. Y queremos hablar de esto en esta Jornada, abordando la brecha digital y la comunicación entre ámbitos y, especialmente, con el sociosanitario.</p>
<p style="text-align: justify;">Para el desarrollo de esta XIV Jornada, <strong>vuestras comunicaciones, experiencias, proyectos de mejora y casos que enseñan</strong> son muy importantes. ¡¡Os animamos a participar!!</p>
<p style="text-align: justify;">La jornada contará con un breve acto inaugural, una mesa de ponencias y varias mesas de comunicaciones por la mañana. Y, tras un lunch y el acto de entrega de premios al mediodía, tendrán lugar por la tarde 4 talleres organizados por las sociedades científicas implicadas en la Jornada.</p>
<p style="text-align: justify;">Os esperamos para compartir y avanzar en mejorar la seguridad del paciente en atención primaria.</p>

<p>XIV JORNADA DE SEGURIDAD DEL PACIENTE EN ATENCIÓN PRIMARIA ACREDITACIONES Resolución AFC Jornada Resolución ACF Taller SEFAP Resolución AFC Taller FAECAP &nbsp; El próximo 13 junio, celebraremos la XIV Jornada de Seguridad del Paciente en Atención Primaria en el Hospital Clínico San Carlos de Madrid, volviendo por fin al formato presencial tras estos dos años [&hellip;]</p>
