{"id":11,"date":"2022-03-04T09:38:15","date_gmt":"2022-03-04T09:38:15","guid":{"rendered":"https:\/\/www.seguridadpaciente.com\/2022\/?page_id=11"},"modified":"2022-03-04T12:18:02","modified_gmt":"2022-03-04T12:18:02","slug":"comites","status":"publish","type":"page","link":"https:\/\/www.seguridadpaciente.com\/2022\/comites\/","title":{"rendered":"Comit\u00e9 Organizador"},"content":{"rendered":"<blockquote>\n<h2><strong>COMIT\u00c9 ORGANIZADOR<\/strong><\/h2>\n<\/blockquote>\n<p><span style=\"color: #007577;\"><strong>PRESIDENCIA<\/strong><\/span><\/p>\n<p style=\"padding-left: 40px;\"><strong>Mar\u00eda Fern\u00e1ndez Garc\u00eda. <\/strong><em>Presidenta de la Sociedad Espa\u00f1ola de Medicina Familiar y Comunitaria (SEMFyC)<\/em><\/p>\n<p><span style=\"color: #007577;\"><strong>VICEPRESIDENCIA<\/strong><\/span><\/p>\n<p style=\"padding-left: 40px;\"><strong>Vicente Herranz Gonz\u00e1lez. <\/strong><em>Tesorero de la Sociedad Espa\u00f1ola de Calidad Asistencial (SECA)<\/em><\/p>\n<p><span style=\"color: #007577;\"><strong>V<\/strong><strong>OCALES<\/strong><\/span><\/p>\n<p style=\"padding-left: 40px;\"><strong>Yolanda Agra Varela. <\/strong><em>Subdirectora General de Calidad y Cohesi\u00f3n. Direcci\u00f3n General de Salud P\u00fablica, Calidad e Innovaci\u00f3n. Ministerio de Sanidad, Consumo y Bienestar Social.<\/em><\/p>\n<p style=\"padding-left: 40px;\"><strong>\u00c1ngel Mataix Sanjuan.<\/strong> <em>Presidente de la Sociedad Espa\u00f1ola de Farmac\u00e9uticos de Atenci\u00f3n Primaria (SEFAP).\u00a0\u00a0<\/em><\/p>\n<p style=\"padding-left: 40px;\"><strong>Javier Carrasco Rodr\u00edguez<\/strong>. <em>Presidente de la Federaci\u00f3n de Asociaciones de Enfermer\u00eda Comunitaria y Atenci\u00f3n Primaria (FAECAP).<\/em><\/p>\n<p><strong>\u00a0<\/strong><\/p>\n","protected":false},"excerpt":{"rendered":"<p>COMIT\u00c9 ORGANIZADOR PRESIDENCIA Mar\u00eda Fern\u00e1ndez Garc\u00eda. Presidenta de la Sociedad Espa\u00f1ola de Medicina Familiar y Comunitaria (SEMFyC) VICEPRESIDENCIA Vicente Herranz Gonz\u00e1lez. Tesorero de la Sociedad Espa\u00f1ola de Calidad Asistencial (SECA) VOCALES Yolanda Agra Varela. Subdirectora General de Calidad y Cohesi\u00f3n. Direcci\u00f3n General de Salud P\u00fablica, Calidad e Innovaci\u00f3n. Ministerio de Sanidad, Consumo y Bienestar Social. [&hellip;]<\/p>\n","protected":false},"author":1,"featured_media":0,"parent":0,"menu_order":0,"comment_status":"closed","ping_status":"closed","template":"","meta":[],"_links":{"self":[{"href":"https:\/\/www.seguridadpaciente.com\/2022\/wp-json\/wp\/v2\/pages\/11"}],"collection":[{"href":"https:\/\/www.seguridadpaciente.com\/2022\/wp-json\/wp\/v2\/pages"}],"about":[{"href":"https:\/\/www.seguridadpaciente.com\/2022\/wp-json\/wp\/v2\/types\/page"}],"author":[{"embeddable":true,"href":"https:\/\/www.seguridadpaciente.com\/2022\/wp-json\/wp\/v2\/users\/1"}],"replies":[{"embeddable":true,"href":"https:\/\/www.seguridadpaciente.com\/2022\/wp-json\/wp\/v2\/comments?post=11"}],"version-history":[{"count":4,"href":"https:\/\/www.seguridadpaciente.com\/2022\/wp-json\/wp\/v2\/pages\/11\/revisions"}],"predecessor-version":[{"id":130,"href":"https:\/\/www.seguridadpaciente.com\/2022\/wp-json\/wp\/v2\/pages\/11\/revisions\/130"}],"wp:attachment":[{"href":"https:\/\/www.seguridadpaciente.com\/2022\/wp-json\/wp\/v2\/media?parent=11"}],"curies":[{"name":"wp","href":"https:\/\/api.w.org\/{rel}","templated":true}]}}

Comité Organizador

<blockquote>
<h2><strong>COMITÉ ORGANIZADOR</strong></h2>
</blockquote>
<p><span style="color: #007577;"><strong>PRESIDENCIA</strong></span></p>
<p style="padding-left: 40px;"><strong>María Fernández García. </strong><em>Presidenta de la Sociedad Española de Medicina Familiar y Comunitaria (SEMFyC)</em></p>
<p><span style="color: #007577;"><strong>VICEPRESIDENCIA</strong></span></p>
<p style="padding-left: 40px;"><strong>Vicente Herranz González. </strong><em>Tesorero de la Sociedad Española de Calidad Asistencial (SECA)</em></p>
<p><span style="color: #007577;"><strong>V</strong><strong>OCALES</strong></span></p>
<p style="padding-left: 40px;"><strong>Yolanda Agra Varela. </strong><em>Subdirectora General de Calidad y Cohesión. Dirección General de Salud Pública, Calidad e Innovación. Ministerio de Sanidad, Consumo y Bienestar Social.</em></p>
<p style="padding-left: 40px;"><strong>Ángel Mataix Sanjuan.</strong> <em>Presidente de la Sociedad Española de Farmacéuticos de Atención Primaria (SEFAP).  </em></p>
<p style="padding-left: 40px;"><strong>Javier Carrasco Rodríguez</strong>. <em>Presidente de la Federación de Asociaciones de Enfermería Comunitaria y Atención Primaria (FAECAP).</em></p>
<p><strong> </strong></p>

<p>COMITÉ ORGANIZADOR PRESIDENCIA María Fernández García. Presidenta de la Sociedad Española de Medicina Familiar y Comunitaria (SEMFyC) VICEPRESIDENCIA Vicente Herranz González. Tesorero de la Sociedad Española de Calidad Asistencial (SECA) VOCALES Yolanda Agra Varela. Subdirectora General de Calidad y Cohesión. Dirección General de Salud Pública, Calidad e Innovación. Ministerio de Sanidad, Consumo y Bienestar Social. [&hellip;]</p>
